t is -10303 - -10?
-10233
In base 6, what is 2440 + 5?
2445
In base 2, what is -100 + 110100?
110000
In base 3, what is -11 - 1020212?
-1021000
In base 7, what is 21 + 121?
142
In base 7, what is 5 - 140?
-132
In base 3, what is 0 + -1100?
-1100
In base 14, what is -1d - -1?
-1c
In base 3, what is -10212102 + -2?
-10212111
In base 11, what is -112 + -5?
-117
In base 10, what is -6 + 43?
37
In base 8, what is 10 + 2?
12
In base 4, what is -102 - 10?
-112
In base 10, what is 1 - 881?
-880
In base 10, what is -5 + -2?
-7
In base 8, what is 3 + -330?
-325
In base 13, what is -a6 - 5?
-ab
In base 5, what is 20 - -2020?
2040
In base 12, what is 25 - -2a?
53
In base 5, what is 1 + 22332?
22333
In base 11, what is 43 + -1?
42
In base 8, what is 113 - 5?
106
In base 13, what is 8 + -18?
-10
In base 9, what is -40 - -3?
-36
In base 12, what is 1a + -1?
19
In base 3, what is -21111 + 0?
-21111
In base 12, what is -45 - 3?
-48
In base 13, what is -44a - -1?
-449
In base 11, what is a01 + 2?
a03
In base 11, what is 669 + 4?
672
In base 15, what is 1d9 + -4?
1d5
In base 12, what is 8b7 - 6?
8b1
In base 9, what is 4 - 24?
-20
In base 10, what is 8 - 76?
-68
In base 16, what is 5 - -20?
25
In base 14, what is 2 - -2?
4
In base 12, what is 2 + -4?
-2
In base 15, what is -2 - -6a?
68
In base 15, what is 10 + d?
1d
In base 9, what is 110 + -22?
77
In base 3, what is 2 - -1022210?
1022212
In base 7, what is 331 + -1?
330
In base 8, what is -11123 - -3?
-11120
In base 15, what is 82 - 182?
-100
In base 16, what is 1f + 9?
28
In base 5, what is -1332 + -3?
-1340
In base 11, what is -248 - -2?
-246
In base 5, what is -1130 + 111?
-1014
In base 14, what is 7 + -118?
-111
In base 10, what is 14 + -4?
10
In base 2, what is 101 + 0?
101
In base 4, what is 1230 - 10?
1220
In base 10, what is -451 - -3?
-448
In base 7, what is -4465 - -3?
-4462
In base 12, what is 80 + 5?
85
In base 11, what is -1 + 102?
101
In base 3, what is 10 - 10000222?
-10000212
In base 16, what is -22 + 1?
-21
In base 15, what is -2e - 3?
-32
In base 10, what is -7 - 8?
-15
In base 10, what is 4 - -26?
30
In base 16, what is -b0b - -3?
-b08
In base 9, what is -3 - -106?
103
In base 16, what is 3 + -28?
-25
In base 4, what is 0 - -31?
31
In base 9, what is -2 + 338?
336
In base 5, what is -400 + 4?
-341
In base 15, what is 4a47 + 3?
4a4a
In base 10, what is -1040 - -3?
-1037
In base 8, what is 17 - 20?
-1
In base 3, what is -11010 + -2?
-11012
In base 6, what is -53 - 114?
-211
In base 10, what is 4977 - 3?
4974
In base 10, what is -3 + -3177?
-3180
In base 4, what is 1 + -1322?
-1321
In base 5, what is -201 + -104?
-310
In base 5, what is -10 - -121?
111
In base 11, what is 20679 + -3?
20676
In base 8, what is 566 - 2?
564
In base 10, what is -638 + 1?
-637
In base 13, what is 1 - -8c?
90
In base 3, what is 10 + -2001?
-1221
In base 13, what is -184 + 9?
-178
In base 8, what is 75 - 43?
32
In base 7, what is -1 - -16655?
16654
In base 16, what is 1 + 70?
71
In base 16, what is 128a + 2?
128c
In base 3, what is 1 + 100222?
101000
In base 16, what is -906 - -3?
-903
In base 2, what is 111010100111110 + 11?
111010101000001
In base 15, what is -2 + 2d?
2b
In base 9, what is 483 + 3?
486
In base 15, what is -e5 + 0?
-e5
In base 5, what is 3 - 11020?
-11012
In base 15, what is 2b - 4?
27
In base 11, what is 405 + -3?
402
In base 4, what is 302 - 12212?
-11310
In base 5, what is 32 - 2324?
-2242
In base 5, what is 1 - 1430?
-1424
In base 5, what is -140 - -3042?
2402
In base 4, what is 1 - -11130?
11131
In base 13, what is -c - 33?
-42
In base 11, what is 3 + 435?
438
In base 3, what is 20120 - 0?
20120
In base 10, what is 24 + 11?
35
In base 15, what is -5 + -84b?
-851
In base 16, what is -110 + -9?
-119
In base 4, what is -11022 - -301?
-10121
In base 15, what is 1250 - 2?
124d
In base 8, what is 34 - 0?
34
In base 11, what is 12 - -20?
32
In base 10, what is 1 - -101?
102
In base 13, what is -b + 582?
574
In base 11, what is 2 - -20a?
211
In base 12, what is 27b + -2?
279
In base 15, what is -65 - 4b?
-b1
In base 2, what is 101 - 11110?
-11001
In base 14, what is 333 - -5?
338
In base 11, what is 3 + -115?
-112
In base 9, what is -5 - -537?
532
In base 15, what is 3 - c5?
-c2
In base 5, what is -111 - 10?
-121
In base 8, what is -3 + 55?
52
In base 3, what is -1100002 - -10?
-1022222
In base 10, what is 261 - -1?
262
In base 3, what is -10 - -1112?
1102
In base 3, what is -12 - 11020?
-11102
In base 3, what is -10012022 + 10?
-10012012
In base 10, what is -186 + -3?
-189
In base 12, what is 4 - 1812?
-180a
In base 6, what is 140342 + -1?
140341
In base 13, what is -202 - -54?
-17b
In base 13, what is -6 + -20?
-26
In base 14, what is 314 - -8?
31c
In base 6, what is 23304 + 5?
23313
In base 9, what is -4 - 47?
-52
In base 11, what is -3 - 27?
-2a
In base 5, what is 23343 - -1?
23344
In base 6, what is 312 - 0?
312
In base 8, what is -262 + -31?
-313
In base 3, what is 101 - 1020021?
-1012220
In base 6, what is -5 + -231?
-240
In base 2, what is 100010 - -1010?
101100
In base 16, what is -11f - -2d?
-f2
In base 11, what is 5 + -183?
-179
In base 13, what is -153 - 2?
-155
In base 7, what is 12 - -151?
163
In base 13, what is -198 - 6?
-1a1
In base 3, what is 112112 + -120?
111222
In base 10, what is -3 + -13?
-16
In base 3, what is -1202120 + 102?
-1202011
In base 11, what is -2 + -272?
-274
In base 6, what is -3111 - -5?
-3102
In base 9, what is -48 + -21?
-70
In base 6, what is -1421 + -1?
-1422
In base 14, what is 3 + -229?
-226
In base 16, what is -e02 - 0?
-e02
In base 10, what is 1516 - 0?
1516
In base 4, what is -30220 - -12?
-30202
In base 4, what is 3 + -220?
-211
In base 9, what is -1 + 26?
25
In base 8, what is -252 + -64?
-336
In base 4, what is -123231 - 1?
-123232
In base 14, what is 0 + 49?
49
In base 7, what is 654 - -32?
1016
In base 2, what is 110001 + 10?
110011
In base 7, what is 32 + -11?
21
In base 7, what is -4 + 6254?
6250
In base 4, what is 31 + -1123?
-1032
In base 15, what is -501e - -4?
-501a
In base 7, what is -10 + 555?
545
In base 9, what is -203 - 17?
-221
In base 14, what is -82 + -94?
-136
In base 9, what is -2 - 6220?
-6222
In base 15, what is -388 + 5?
-383
In base 11, what is -3008 + 0?
-3008
In base 15, what is -1e + 37?
18
In base 5, what is -34 + -1141?
-1230
In base 5, what is 410 - 44?
311
In base 11, what is 5 - 67?
-62
In base 8, what is -4 + 64?
60
In base 11, what is -27 - 69a?
-716
In base 6, what is -1151 - 5?
-1200
In base 15, what is -20 + -25?
-45
In base 7, what is -3544 + 2?
-3542
In base 9, what is 5 + 1664?
1670
In base 7, what is -5 - 55?
-63
In base 5, what is 30 - -3?
33
In base 11, what is -1791 - 4?
-1795
In base 10, what is 5 - 3?
2
In base 6, what is -3 - 205?
-212
In base 6, what is 120 - -3?
123
In base 7, what is 13 + -1640?
-1624
In base 9, what is -25 - 3?
-28
In base 5, what is -3 - 1303?
-1311
In base 11, what is 5 + 12?
17
In base 12, what is 5 - -91?
96
In base 9, what is 34 + 6?
41
In base 5, what is -10 + -1334?
-1344
In base 14, what is 25 + -2a?
-5
In base 7, what is 5 - 3150?
-3142
In base 11, what is 433 - 16?
418
In base 13, what is 1 + -500?
-4cc
In base 11, what is 16 + 3?
19
In base 11, what is 314 - 5?
30a
In base 7, what is 11 - -121?
132
In base 5, what is -4 + -3431?
-3440
In base 14, what is 6 - c?
-6
In base 14, what is 2a - 1?
29
In base 2, what is -11 - -110101100110?
110101100011
In base 14, what is -75 - -2c?
-47
In base 13, what is 5c5 + -c?
5b6
In base 6, what is -3 - -5545?
5542
In base 3, what is 11 + -10?
1
In base 9, what is -3 + 56?
53
In base 12, what is 16 + 780?
796
In base 3, what is -22 - -11212?
11120
In base 9, what is -48008 - -4?
-48004
In base 9, what is -165 - 6?
-172
In base 10, what is -5 - 184?
-189
In base 14, what is 12 - 3?
d
In base 9, what is 216 - -11?
227
In base 12, what is 7 - -4?
b
In base 9, what is -4 - -122?
117
In base 3, what is -22001 - -12?
-21212
In base 10, what is 32 + -64?
-32
In base 10, what is 3 - -8?
11
In base 6, what is 250 + -4?
242
In base 15, what is 14 + 52?
66
In base 16, what is -13 - 9?
-1c
In base 11, what is -92 - -4?
-89
In base 13, what is -847 - 5?
-84c
In base 8, what is -53600 - 5?
-53605
In base 10, what is 108 + 19?
127
In base 11, what is 2 + 52